actors of 2376526371?
3, 31, 1277, 20011
List the prime factors of 1662907470.
2, 3, 5, 7, 47, 168481
List the prime factors of 1640905593.
3, 227, 1049, 2297
What are the prime factors of 4019095739?
23, 199, 878107
List the prime factors of 502433671.
29, 17325299
What are the prime factors of 10382735?
5, 11, 311, 607
What are the prime factors of 45241520?
2, 5, 565519
List the prime factors of 444438432.
2, 3, 673, 2293
What are the prime factors of 603883?
7, 86269
What are the prime factors of 18899955?
3, 5, 419999
What are the prime factors of 112403869?
112403869
List the prime factors of 33356237.
197, 169321
List the prime factors of 4448738427.
3, 7, 67, 601, 5261
What are the prime factors of 62476622?
2, 13, 1301, 1847
List the prime factors of 374948725.
5, 14997949
List the prime factors of 53958826.
2, 73, 369581
List the prime factors of 598839432.
2, 3, 113, 220811
List the prime factors of 3905131746.
2, 3, 131, 281, 17681
List the prime factors of 1005858371.
7, 41, 457, 7669
List the prime factors of 449721251.
7, 41, 373, 4201
What are the prime factors of 1260711?
3, 53, 881
List the prime factors of 90948680.
2, 5, 1451, 1567
What are the prime factors of 6048982402?
2, 3024491201
List the prime factors of 4834510561.
22273, 217057
List the prime factors of 1746637194.
2, 3, 4127, 70537
List the prime factors of 939652733.
19, 1637, 30211
List the prime factors of 76315613.
11, 67, 103549
List the prime factors of 2063747974.
2, 61, 16915967
List the prime factors of 63666434.
2, 13, 677, 3617
List the prime factors of 120735966.
2, 3, 13, 119069
List the prime factors of 7762326945.
3, 5, 179, 2890997
List the prime factors of 43259409.
3, 19, 252979
What are the prime factors of 73817682?
2, 3, 12302947
List the prime factors of 3401728855.
5, 7, 29, 83, 149, 271
What are the prime factors of 60517923?
3, 20172641
What are the prime factors of 65175997?
23, 2833739
List the prime factors of 2014024318.
2, 23789, 42331
List the prime factors of 3060533561.
3060533561
What are the prime factors of 71987153?
7, 10283879
List the prime factors of 259083213.
3, 17, 31, 37, 43, 103
List the prime factors of 150775873.
17, 8869169
What are the prime factors of 1891745596?
2, 13, 36379723
List the prime factors of 175531389.
3, 11, 53, 100361
List the prime factors of 175610845.
5, 59, 595291
What are the prime factors of 331713246?
2, 3, 233, 237277
List the prime factors of 1081747660.
2, 5, 7, 7726769
What are the prime factors of 178027267?
11, 43, 8753
List the prime factors of 142500448.
2, 4453139
List the prime factors of 984407417.
7, 41, 641, 5351
What are the prime factors of 18344334?
2, 3, 1283, 2383
What are the prime factors of 929855007?
3, 2917, 35419
What are the prime factors of 1185884553?
3, 7, 7331, 7703
List the prime factors of 17855593.
7, 17, 227, 661
What are the prime factors of 564662649?
3, 557, 337919
What are the prime factors of 220421112?
2, 3, 29, 316697
List the prime factors of 47953661.
7, 1847, 3709
List the prime factors of 622587820.
2, 5, 19, 53, 1627
List the prime factors of 21028786.
2, 10514393
What are the prime factors of 66271495?
5, 2851, 4649
What are the prime factors of 2066816?
2, 67, 241
List the prime factors of 529543891.
31, 17082061
List the prime factors of 188137122.
2, 3, 103, 304429
What are the prime factors of 147020679?
3, 13, 1256587
List the prime factors of 76987247.
103, 747449
List the prime factors of 439289697.
3, 7, 11, 149, 12763
List the prime factors of 4807030.
2, 5, 269, 1787
What are the prime factors of 229827550?
2, 5, 41, 112111
List the prime factors of 364223440.
2, 5, 7, 263, 2473
What are the prime factors of 67166540?
2, 5, 7, 479761
What are the prime factors of 2315125949?
2315125949
List the prime factors of 2581045041.
3, 15601, 55147
What are the prime factors of 42166167?
3, 1783, 7883
List the prime factors of 1995916512.
2, 3, 20790797
What are the prime factors of 3429123832?
2, 428640479
List the prime factors of 48455655.
3, 5, 61, 52957
List the prime factors of 659528578.
2, 329764289
List the prime factors of 1989512458.
2, 19, 79, 131, 5059
List the prime factors of 220456379.
11, 13, 61, 127, 199
List the prime factors of 29540363.
1583, 18661
List the prime factors of 394077443.
83, 113, 42017
List the prime factors of 1691211377.
1691211377
What are the prime factors of 5098332355?
5, 1019666471
What are the prime factors of 81154248?
2, 3, 7, 483061
What are the prime factors of 2430060022?
2, 13, 59, 727, 2179
What are the prime factors of 5102005154?
2, 373, 6839149
List the prime factors of 5263569.
3, 383, 509
What are the prime factors of 545428556?
2, 2557, 53327
What are the prime factors of 525394868?
2, 131348717
What are the prime factors of 9623133?
3, 13, 233, 353
List the prime factors of 5189910455.
5, 1037982091
List the prime factors of 842476930.
2, 5, 59, 1427927
List the prime factors of 28170054.
2, 3, 11, 17, 8369
List the prime factors of 5388049.
23, 317, 739
List the prime factors of 1873918795.
5, 7, 19, 443, 6361
List the prime factors of 779376845.
5, 13, 233, 51461
What are the prime factors of 35774843?
13, 173, 15907
What are the prime factors of 4097210237?
41, 43, 2323999
List the prime factors of 1400545351.
1400545351
What are the prime factors of 1174242612?
2, 3, 109, 881, 1019
List the prime factors of 76792488.
2, 3, 347, 9221
What are the prime factors of 71100031?
613, 115987
What are the prime factors of 5504470203?
3, 193, 9506857
List the prime factors of 105789013.
11, 29, 401, 827
What are the prime factors of 280726711?
1871, 150041
List the prime factors of 54141673.
53, 1021541
List the prime factors of 243966122.
2, 1301, 93761
List the prime factors of 35471478.
2, 3, 7, 41, 20599
What are the prime factors of 4408978694?
2, 2204489347
What are the prime factors of 9720718?
2, 7, 99191
What are the prime factors of 2214015894?
2, 3, 123000883
List the prime factors of 73658534.
2, 36829267
What are the prime factors of 190734290?
2, 5, 19073429
List the prime factors of 71464657.
11, 23, 25679
What are the prime factors of 1089675589?
47, 2879, 8053
List the prime factors of 467258755.
5, 37, 41, 61603
List the prime factors of 642231832.
2, 11, 43, 89, 1907
List the prime factors of 77055662.
2, 17, 2266343
List the prime factors of 27528625.
5, 19, 67, 173
List the prime factors of 68676221.
68676221
List the prime factors of 667839525.
3, 5, 163, 54629
What are the prime factors of 8425611667?
11, 193, 3968729
List the prime factors of 691182219.
3, 7, 13, 2531803
List the prime factors of 1253901303.
3, 15480263
What are the prime factors of 3064047384?
2, 3, 1787, 71443
List the prime factors of 229419984.
2, 3, 19, 107, 2351
List the prime factors of 78904461.
3, 37, 710851
List the prime factors of 150286780.
2, 5, 7, 401, 2677
List the prime factors of 203102605.
5, 233, 174337
What are the prime factors of 422662685?
5, 1223, 69119
List the prime factors of 893972885.
5, 13, 31, 443659
What are the prime factors of 289549956?
2, 3, 641, 37643
What are the prime factors of 192905010?
2, 3, 5, 714463
What are the prime factors of 222744850?
2, 5, 67, 66491
What are the prime factors of 147126174?
2, 3, 13, 1886233
What are the prime factors of 2312235740?
2, 5, 115611787
What are the prime factors of 209140051?
97, 2156083
List the prime factors of 3561510118.
2, 23, 541, 143113
List the prime factors of 2826811842.
2, 3, 83, 113, 191, 263
List the prime factors of 69015142.
2, 7, 379, 13007
List the prime factors of 41005477.
19, 2158183
List the prime factors of 2057533242.
2, 3, 193, 853, 2083
What are the prime factors of 34122594?
2, 3, 11, 19, 27211
List the prime factors of 4129162711.
4129162711
What are the prime factors of 5170148108?
2, 9281, 139267
List the prime factors of 224308335.
3, 5, 41, 569, 641
List the prime factors of 251560152.
2, 3, 17, 19, 29, 373
List the prime factors of 511607435.
5, 17, 83, 127, 571
List the prime factors of 153662427.
3, 199, 9533
List the prime factors of 152633892.
2, 3, 137, 227, 409
What are the prime factors of 14439273?
3, 17, 31, 9133
List the prime factors of 269297016.
2, 3, 29, 386921
What are the pri